{"id":12,"date":"2021-05-11T15:00:06","date_gmt":"2021-05-11T13:00:06","guid":{"rendered":"https:\/\/ericbeaupere.net\/?page_id=12"},"modified":"2022-03-02T11:06:01","modified_gmt":"2022-03-02T10:06:01","slug":"creez-votre-site-avec-des-blocs","status":"publish","type":"page","link":"https:\/\/ericbeaupere.net\/","title":{"rendered":"graphiste, motion designer, formateur \u00e0 Angers"},"content":{"rendered":"\n<h3 class=\"alignwide has-text-align-wide animated fadeIn slow has-gigantic-font-size\" style=\"line-height:1.1\">Graphiste<\/h3>\n\n\n\n<p>J\u2019accompagne les entrepreneurs passionn\u00e9s qui veulent des&nbsp;outils de communication qui leur ressemblent. Je mets&nbsp;en valeur leur projet,&nbsp;ce qui le rend unique.<\/p>\n\n\n\n<div style=\"height:61px\" aria-hidden=\"true\" class=\"wp-block-spacer\"><\/div>\n\n\n\n<div class=\"wp-block-columns alignwide are-vertically-aligned-center is-style-twentytwentyone-columns-overlap\">\n<div class=\"wp-block-column is-vertically-aligned-center\">\n<figure class=\"wp-block-image alignfull size-large is-style-twentytwentyone-border\"><img loading=\"lazy\" width=\"632\" height=\"1024\" src=\"https:\/\/ericbeaupere.net\/wp-content\/uploads\/2021\/05\/eric-beaupere-image-xs-driver-632x1024.png\" alt=\"\" class=\"wp-image-36\" srcset=\"https:\/\/ericbeaupere.net\/wp-content\/uploads\/2021\/05\/eric-beaupere-image-xs-driver-632x1024.png 632w, https:\/\/ericbeaupere.net\/wp-content\/uploads\/2021\/05\/eric-beaupere-image-xs-driver-185x300.png 185w, https:\/\/ericbeaupere.net\/wp-content\/uploads\/2021\/05\/eric-beaupere-image-xs-driver.png 741w\" sizes=\"(max-width: 632px) 100vw, 632px\" \/><\/figure>\n\n\n\n<div style=\"height:100px\" aria-hidden=\"true\" class=\"wp-block-spacer\"><\/div>\n\n\n\n<figure class=\"wp-block-image size-large is-style-twentytwentyone-border\"><img loading=\"lazy\" width=\"1024\" height=\"1024\" src=\"https:\/\/ericbeaupere.net\/wp-content\/uploads\/2021\/05\/eric-beaupere-image-demoiselle-de-lair-1024x1024.png\" alt=\"\" class=\"wp-image-38\" srcset=\"https:\/\/ericbeaupere.net\/wp-content\/uploads\/2021\/05\/eric-beaupere-image-demoiselle-de-lair-1024x1024.png 1024w, https:\/\/ericbeaupere.net\/wp-content\/uploads\/2021\/05\/eric-beaupere-image-demoiselle-de-lair-300x300.png 300w, https:\/\/ericbeaupere.net\/wp-content\/uploads\/2021\/05\/eric-beaupere-image-demoiselle-de-lair-150x150.png 150w, https:\/\/ericbeaupere.net\/wp-content\/uploads\/2021\/05\/eric-beaupere-image-demoiselle-de-lair-768x768.png 768w, https:\/\/ericbeaupere.net\/wp-content\/uploads\/2021\/05\/eric-beaupere-image-demoiselle-de-lair.png 1200w\" sizes=\"(max-width: 1024px) 100vw, 1024px\" \/><\/figure>\n\n\n\n<div style=\"height:100px\" aria-hidden=\"true\" class=\"wp-block-spacer\"><\/div>\n\n\n\n<figure class=\"wp-block-image alignfull size-large is-style-twentytwentyone-border\"><img loading=\"lazy\" width=\"1024\" height=\"632\" src=\"https:\/\/ericbeaupere.net\/wp-content\/uploads\/2021\/05\/eric-beaupere-image-esseniel-apiculture-1024x632.png\" alt=\"\" class=\"wp-image-39\" srcset=\"https:\/\/ericbeaupere.net\/wp-content\/uploads\/2021\/05\/eric-beaupere-image-esseniel-apiculture-1024x632.png 1024w, https:\/\/ericbeaupere.net\/wp-content\/uploads\/2021\/05\/eric-beaupere-image-esseniel-apiculture-300x185.png 300w, https:\/\/ericbeaupere.net\/wp-content\/uploads\/2021\/05\/eric-beaupere-image-esseniel-apiculture-768x474.png 768w, https:\/\/ericbeaupere.net\/wp-content\/uploads\/2021\/05\/eric-beaupere-image-esseniel-apiculture.png 1200w\" sizes=\"(max-width: 1024px) 100vw, 1024px\" \/><\/figure>\n<\/div>\n\n\n\n<div class=\"wp-block-column is-vertically-aligned-center\">\n<figure class=\"wp-block-image is-style-twentytwentyone-border\"><img src=\"https:\/\/ericbeaupere.net\/wp-content\/uploads\/2021\/05\/eric-beaupere-image-mellier-1024x632.png\" alt=\"L\u2019attribut alt de cette image est vide, son nom de fichier est eric-beaupere-image-mellier-1024x632.png.\"\/><\/figure>\n\n\n\n<div style=\"height:100px\" aria-hidden=\"true\" class=\"wp-block-spacer\"><\/div>\n\n\n\n<figure class=\"wp-block-image size-large is-style-twentytwentyone-border\"><img loading=\"lazy\" width=\"1024\" height=\"1024\" src=\"https:\/\/ericbeaupere.net\/wp-content\/uploads\/2021\/05\/eric-beaupere-image-capitaine-charon-1024x1024.png\" alt=\"\" class=\"wp-image-58\" srcset=\"https:\/\/ericbeaupere.net\/wp-content\/uploads\/2021\/05\/eric-beaupere-image-capitaine-charon-1024x1024.png 1024w, https:\/\/ericbeaupere.net\/wp-content\/uploads\/2021\/05\/eric-beaupere-image-capitaine-charon-300x300.png 300w, https:\/\/ericbeaupere.net\/wp-content\/uploads\/2021\/05\/eric-beaupere-image-capitaine-charon-150x150.png 150w, https:\/\/ericbeaupere.net\/wp-content\/uploads\/2021\/05\/eric-beaupere-image-capitaine-charon-768x768.png 768w, https:\/\/ericbeaupere.net\/wp-content\/uploads\/2021\/05\/eric-beaupere-image-capitaine-charon.png 1200w\" sizes=\"(max-width: 1024px) 100vw, 1024px\" \/><\/figure>\n\n\n\n<div style=\"height:100px\" aria-hidden=\"true\" class=\"wp-block-spacer\"><\/div>\n\n\n\n<figure class=\"wp-block-image size-large is-style-twentytwentyone-border\"><img loading=\"lazy\" width=\"1024\" height=\"632\" src=\"https:\/\/ericbeaupere.net\/wp-content\/uploads\/2021\/05\/eric-beaupere-image-sophie-leux-1024x632.png\" alt=\"\" class=\"wp-image-42\" srcset=\"https:\/\/ericbeaupere.net\/wp-content\/uploads\/2021\/05\/eric-beaupere-image-sophie-leux-1024x632.png 1024w, https:\/\/ericbeaupere.net\/wp-content\/uploads\/2021\/05\/eric-beaupere-image-sophie-leux-300x185.png 300w, https:\/\/ericbeaupere.net\/wp-content\/uploads\/2021\/05\/eric-beaupere-image-sophie-leux-768x474.png 768w, https:\/\/ericbeaupere.net\/wp-content\/uploads\/2021\/05\/eric-beaupere-image-sophie-leux.png 1200w\" sizes=\"(max-width: 1024px) 100vw, 1024px\" \/><\/figure>\n\n\n\n<div style=\"height:100px\" aria-hidden=\"true\" class=\"wp-block-spacer\"><\/div>\n\n\n\n<figure class=\"wp-block-image size-large is-style-twentytwentyone-border\"><img loading=\"lazy\" width=\"632\" height=\"1024\" src=\"https:\/\/ericbeaupere.net\/wp-content\/uploads\/2021\/05\/eric-beaupere-image-clos-fremur-1-632x1024.png\" alt=\"\" class=\"wp-image-60\" srcset=\"https:\/\/ericbeaupere.net\/wp-content\/uploads\/2021\/05\/eric-beaupere-image-clos-fremur-1-632x1024.png 632w, https:\/\/ericbeaupere.net\/wp-content\/uploads\/2021\/05\/eric-beaupere-image-clos-fremur-1-185x300.png 185w, https:\/\/ericbeaupere.net\/wp-content\/uploads\/2021\/05\/eric-beaupere-image-clos-fremur-1.png 741w\" sizes=\"(max-width: 632px) 100vw, 632px\" \/><\/figure>\n<\/div>\n<\/div>\n\n\n\n<div style=\"height:50px\" aria-hidden=\"true\" class=\"wp-block-spacer\"><\/div>\n\n\n\n<h3 class=\"alignwide has-text-align-wide animated fadeInDown slow has-gigantic-font-size\" style=\"line-height:1.1\">Motion Designer<\/h3>\n\n\n\n<p>Je met en mouvement les id\u00e9es pour qu&rsquo;elles prennent vie au sein du Studio BOUTON dont je suis le co-fondateur avec Laurent Voleau. <\/p>\n\n\n\n<div class=\"wp-block-buttons\">\n<div class=\"wp-block-button\"><a class=\"wp-block-button__link\" href=\"https:\/\/www.studiobouton.fr\/\">StudioBOUTON.fr<\/a><\/div>\n\n\n\n<div class=\"wp-block-button\"><a class=\"wp-block-button__link\" href=\"https:\/\/volau.fr\/\">Volau.fr<\/a><\/div>\n<\/div>\n\n\n\n<iframe loading=\"lazy\" id=\"SB-showreel\" src=\"https:\/\/player.vimeo.com\/video\/682850258?portrait=false&amp;title=0&amp;byline=0&amp;color=#000000\" allow=\"autoplay; fullscreen\" allowfullscreen=\"\"  width=\"1080\" height=\"608\" frameborder=\"0\"><\/iframe>\n\n\n\n<div class=\"wp-block-columns alignwide\">\n<div class=\"wp-block-column\" style=\"flex-basis:100%\">\n<div style=\"height:100px\" aria-hidden=\"true\" class=\"wp-block-spacer\"><\/div>\n<\/div>\n<\/div>\n\n\n\n<h3 class=\"alignwide has-text-align-wide animated fadeInDown slow has-gigantic-font-size\" style=\"line-height:1.1\">Formateur<\/h3>\n\n\n\n<p>J&rsquo;initie les \u00e9tudiants au Motion Design et je les accompagne dans leur parcours professionnels en intervenant dans deux \u00e9coles :<br>My Digital School et l&rsquo;Atelier d&rsquo;Arts Appliqu\u00e9s.<\/p>\n\n\n\n<div class=\"wp-block-buttons\">\n<div class=\"wp-block-button\"><a class=\"wp-block-button__link\" href=\"https:\/\/www.mydigitalschool.com\/ecole-multimedia-angers\">MyDigitalSchool.com<\/a><\/div>\n\n\n\n<div class=\"wp-block-button\"><a class=\"wp-block-button__link\" href=\"https:\/\/laaa.fr\/\">l&rsquo;Atelier d&rsquo;Arts Appliqu\u00e9s.fr<\/a><\/div>\n<\/div>\n\n\n\n<div style=\"height:100px\" aria-hidden=\"true\" class=\"wp-block-spacer\"><\/div>\n\n\n\n<h4 class=\"alignwide has-text-align-wide animated fadeInDown slow has-gigantic-font-size\" style=\"line-height:1.1\">Vi\u00eat T\u00e0i Chi<\/h4>\n\n\n\n<p>Je pratique un art martial interne, \u00e9quilibre entre force et souplesse, le Vi\u00eat T\u00e0i Chi. Cette discipline rassemble les arts internes et de sant\u00e9 de Tai Chi et Khi C\u00f4ng vietnamiens. En voici un enchainement (Quy\u00ean) simple en animation.<\/p>\n\n\n\n<div class=\"wp-block-buttons\">\n<div class=\"wp-block-button\"><a class=\"wp-block-button__link\" href=\"https:\/\/www.unionvtc.com\/\">Union Vi\u00eat T\u00e0i Chi<\/a><\/div>\n<\/div>\n\n\n\n<figure class=\"wp-block-embed alignwide is-type-video is-provider-youtube wp-block-embed-youtube wp-embed-aspect-16-9 wp-has-aspect-ratio\"><div class=\"wp-block-embed__wrapper\">\n<iframe loading=\"lazy\" title=\"Cao T\u1ea5n - Quy\u00ean de Vi\u00eat T\u00e0i Chi\" width=\"750\" height=\"422\" src=\"https:\/\/www.youtube.com\/embed\/YVbPoKdYvYo?feature=oembed\" frameborder=\"0\" allow=\"accelerometer; autoplay; clipboard-write; encrypted-media; gyroscope; picture-in-picture\" allowfullscreen><\/iframe>\n<\/div><\/figure>\n\n\n\n<p><\/p>\n","protected":false},"excerpt":{"rendered":"<p>Graphiste J\u2019accompagne les entrepreneurs passionn\u00e9s qui veulent des&nbsp;outils de communication qui leur ressemblent. Je mets&nbsp;en valeur leur projet,&nbsp;ce qui le rend unique. Motion Designer Je met en mouvement les id\u00e9es pour qu&rsquo;elles prennent vie au sein du Studio BOUTON dont je suis le co-fondateur avec Laurent Voleau. Formateur J&rsquo;initie les \u00e9tudiants au Motion Design et&hellip; <a class=\"more-link\" href=\"https:\/\/ericbeaupere.net\/\">Poursuivre la lecture <span class=\"screen-reader-text\">graphiste, motion designer, formateur \u00e0 Angers<\/span><\/a><\/p>\n","protected":false},"author":1,"featured_media":0,"parent":0,"menu_order":0,"comment_status":"closed","ping_status":"closed","template":"","meta":[],"_links":{"self":[{"href":"https:\/\/ericbeaupere.net\/index.php\/wp-json\/wp\/v2\/pages\/12"}],"collection":[{"href":"https:\/\/ericbeaupere.net\/index.php\/wp-json\/wp\/v2\/pages"}],"about":[{"href":"https:\/\/ericbeaupere.net\/index.php\/wp-json\/wp\/v2\/types\/page"}],"author":[{"embeddable":true,"href":"https:\/\/ericbeaupere.net\/index.php\/wp-json\/wp\/v2\/users\/1"}],"replies":[{"embeddable":true,"href":"https:\/\/ericbeaupere.net\/index.php\/wp-json\/wp\/v2\/comments?post=12"}],"version-history":[{"count":39,"href":"https:\/\/ericbeaupere.net\/index.php\/wp-json\/wp\/v2\/pages\/12\/revisions"}],"predecessor-version":[{"id":135,"href":"https:\/\/ericbeaupere.net\/index.php\/wp-json\/wp\/v2\/pages\/12\/revisions\/135"}],"wp:attachment":[{"href":"https:\/\/ericbeaupere.net\/index.php\/wp-json\/wp\/v2\/media?parent=12"}],"curies":[{"name":"wp","href":"https:\/\/api.w.org\/{rel}","templated":true}]}}